base 5) in base 14?
4b09a
1533514 (base 7) to base 8
632374
2874c (base 14) to base 9
162430
-661044 (base 7) to base 13
-40821
-10122110012222 (base 3) to base 9
-3573188
Convert -2d4809 (base 16) to base 10.
-2967561
-11210102102002 (base 3) to base 9
-4712362
Convert 134434 (base 9) to base 15.
1946d
What is -524480 (base 9) in base 13?
-abb34
What is -77159 (base 12) in base 10?
-157461
What is -14830 (base 14) in base 11?
-35356
What is -404132124 (base 5) in base 14?
-3061b3
-38491 (base 10) to base 4
-21121123
What is 45d370 (base 14) in base 13?
654236
Convert -435499 (base 14) to base 4.
-20230323133
What is 23301101 (base 5) in base 14?
576d5
12222200120201 (base 3) to base 14
5cbb41
-100110121101 (base 3) to base 6
-3554401
Convert -6272d (base 16) to base 5.
-100400440
2d49b4 (base 15) to base 6
114554441
What is -259cca (base 13) in base 15?
-12dca8
What is 1583883 (base 10) in base 9?
2873610
What is 363136 (base 7) in base 4?
100012030
What is -191b3 (base 13) in base 3?
-2110201211
-366448 (base 11) to base 15
-b6a9b
79a77 (base 13) to base 15
4595d
What is -78097 (base 11) in base 10?
-113241
Convert -2328362 (base 10) to base 13.
-636a3a
2146454 (base 8) to base 4
2030310230
3025b0 (base 13) to base 9
2085303
What is 59baa (base 13) in base 3?
22100202110
-430375 (base 10) to base 14
-b2bb1
Convert 335ac13 (base 13) to base 4.
330013323211
Convert 2034693 (base 13) to base 8.
45141347
What is a03a (base 13) in base 12?
108ab
What is -110101110010110100111 (base 2) in base 12?
-71011b
1b7a01 (base 13) to base 5
134440114
2501405 (base 6) to base 16
205cd
What is 7328b7 (base 12) in base 13?
4b43ab
What is 1410023204 (base 5) in base 8?
15556245
Convert -95559 (base 11) to base 4.
-201331111
111034310 (base 6) to base 11
1153a4a
Convert -763394 (base 10) to base 5.
-143412034
What is -202330123 (base 4) in base 6?
-3022351
What is -103212100 (base 4) in base 16?
-13990
Convert 22100121010222 (base 3) to base 15.
5caa4b
Convert -1121221221122 (base 3) to base 15.
-1215ab
Convert -89803 (base 12) to base 6.
-3525203
What is -55570 (base 8) in base 12?
-11674
Convert -ba09 (base 12) to base 15.
-60dc
Convert -343 (base 14) to base 7.
-1613
-5516665 (base 7) to base 11
-422778
686787 (base 9) to base 8
1444232
Convert 27a0c8 (base 13) to base 16.
eb827
Convert -42602241 (base 7) to base 4.
-31312200111
What is 20562440 (base 8) in base 2?
10000101110010100100000
-2102a00 (base 11) to base 10
-3708045
-30234113 (base 6) to base 3
-1121200220200
What is b2113 (base 16) in base 8?
2620423
Convert 65265 (base 7) to base 2.
11111110001010
-1ae666 (base 16) to base 9
-3276237
What is -2549b0 (base 14) in base 3?
-2102001200110
118999 (base 11) to base 6
4004121
What is 18d93 (base 15) in base 7?
454146
2dce50 (base 15) to base 10
2220600
1a259c (base 14) to base 12
389466
Convert 997763 (base 11) to base 8.
6044245
What is -266ae2 (base 15) in base 5?
-433021322
What is c7c76 (base 13) in base 10?
360236
-20110200022121 (base 3) to base 11
-1a39193
Convert -113101 (base 4) to base 3.
-2001011
What is -63100300 (base 7) in base 4?
-110100222313
Convert 100110100000001 (base 2) to base 15.
5c93
-10022200011102 (base 3) to base 14
-33d336
1212111120 (base 3) to base 13
139b0
Convert 111122332 (base 6) to base 10.
2017136
1025251 (base 8) to base 5
32214230
10100022102110 (base 3) to base 4
12301333023
Convert -11132013113 (base 4) to base 9.
-2625152
What is -1012001221 (base 3) in base 9?
-35057
What is 70422 (base 8) in base 12?
14902
What is 112012020110 (base 3) in base 9?
465213
Convert 406617 (base 8) to base 14.
37063
-7356b (base 14) to base 13
-99836
a4b05 (base 15) to base 8
1773766
77493c (base 14) to base 8
17337212
Convert -5343735 (base 9) to base 16.
-2bb116
31ac70 (base 15) to base 10
2365305
What is -2625184 (base 9) in base 3?
-2200212012211
What is -5164b (base 13) in base 15?
-2d439
8757371 (base 9) to base 14
8a5d4a
-100001110010001110 (base 2) to base 6
-2544354
-62113 (base 13) to base 5
-21112240
Convert 20524553 (base 7) to base 11.
a87517
1047776 (base 13) to base 6
254132212
Convert -2a46a4 (base 11) to base 4.
-1303320310
Convert -1202030301 (base 4) to base 5.
-100332400
Convert -11300220 (base 5) to base 12.
-4b869
Convert -2299807 (base 11) to base 10.
-4009947
Convert 343310 (base 5) to base 13.
57c6
Convert 10332 (base 10) to base 11.
7843
Convert 212010210110220 (base 3) to base 2.
101110111010011001111001
-5163746 (base 10) to base 7
-61614440
-1242220 (base 5) to base 14
-8dd3
Convert c4a12 (base 13) to base 10.
353225
Convert 5233432 (base 9) to base 7.
32531024
-20021112011 (base 3) to base 13
-44335
Convert 5505b9 (base 12) to base 9.
2475056
10101010011011111010011 (base 2) to base 13
120705c
Convert 11110010100010000100 (base 2) to base 14.
1bc060
-534650 (base 8) to base 16
-2b9a8
12455055 (base 6) to base 8
1444453
-45021340 (base 6) to base 11
-846835
Convert 1111100110002 (base 3) to base 12.
32373b
What is -313402 (base 8) in base 14?
-29d86
Convert -342344 (base 11) to base 7.
-4426211
What is 136953 (base 11) in base 15?
4368c
What is 53044305 (base 6) in base 15?
20803e
Convert 652d0 (base 15) to base 4.
1032123312
Convert -ea77a (base 16) to base 6.
-32330110
-1393a9 (base 14) to base 12
-2887a1
-4347777 (base 8) to base 4
-10130333333
27522 (base 16) to base 2
100111010100100010
-95692c (base 16) to base 4
-211112210230
66346 (base 12) to base 10
135270
Convert -10100011022110 (base 3) to base 13.
-4a198a
What is 3392b (base 14) in base 11?
86144
10000111011111011010110 (base 2) to base 12
15a1386
122102110 (base 5) to base 4
2031332122
Convert -3a010 (base 15) to base 7.
-1402140
Convert 100011101 (base 3) to base 12.
3a47
-336446 (base 8) to base 9
-183280
What is -412103011 (base 5) in base 9?
-3133164
20121101212 (base 4) to base 3
11010210202121
Convert -371964 (base 10) to base 14.
-997ac
Convert 1010110111010100001 (base 2) to base 10.
356001
What is -623b3a (base 13) in base 12?
-92722b
b4d88b (base 14) to base 10
6107091
Convert 21733662 (base 8) to base 3.
22211210022010
What is -1c125d (base 14) in base 3?
-1212220112102
Convert 21210202012 (base 3) to base 11.
a5479
What is -10563 (base 14) in base 3?
-2000011100
22166601 (base 7) to base 16
1d3c2e
-8028 (base 10) to base 4
-1331130
Convert -102212102000102 (base 3) to base 9.
-12772012
Convert 24432332 (base 6) to base 4.
2332323200
1001111121012 (base 3) to base 15
b1378
What is -183501 (base 10) in base 7?
-1362663
-84178 (base 9) to base 8
-154404
What is -36580c (base 13) in base 9?
-2386861
Convert -15dbd (base 16) to base 15.
-1b7dd
Convert 219099 (base 13) to base 9.
1435100
Convert -299266 (base 10) to base 15.
-5da11
-848b9a (base 15) to base 12
-2141b54
-101001111111010000000111 (base 2) to base 5
-10304210413
Convert -2653425 (base 7) to base 15.
-6d7c9
Convert -720086 (base 12) to base 6.
-102120250
What is -1722032 (base 10) in base 15?
-240372
What is 6765a7 (base 12) in base 4?
12102223033
What is -220248 (base 11) in base 4?
-1111312332
What is 55c8 (base 15) in base 11?
12735
48468a (base 11) to base 16
bb5f8
106c9 (base 14) to base 15
bbb4
11001001101100010101010 (base 2) to base 14
c407a2
-621a9d (base 15) to base 10
-4663273
What is 971a4 (base 12) in base 10?
198988
Convert 27207614 (base 8) to base 13.
1356c98
-12243530 (base 7) to base 6
-35352042
Convert -31f1f (base 16) to base 13.
-72167
What is 21643 (base 14) in base 11?
55795
-1147455 (base 10) to base 5
-243204310
What is -1787847 (base 10) in base 4?
-12310133013
What is -3a9a80 (base 12) in base 9?
-1738786
Convert -110111110000010101 (base 2) to base 5.
-24301443
15501115 (base 6) to base 2
10000110110110100111
What is -1144635 (base 9) in base 4?
-2113122020
300397 (base 10) to base 5
34103042
-493a7 (base 11) to base 6
-1304451
10b745 (base 13) to base 7
3241363
10233142 (base 11) to base 8
113577714
-15456 (base 14) to base 9
-80624
What is 94a26 (base 15) in base 3?
212221122200
Convert -35313066 (base 7) to base 5.
-1244102043
Convert -72074 (base 14) to base 16.
-43046
-2103 (base 13) to base 16
-11d6
-128818 (base 13) to base 5
-103303424
Convert 1065052 (base 12) to base 2.
1011111001011111111110
575a3a (base 12) to base 14
285ddc
C